{"id":459,"date":"2023-04-18T17:15:50","date_gmt":"2023-04-18T21:15:50","guid":{"rendered":"https:\/\/premusapc-inisa.ufms.br\/?page_id=459"},"modified":"2023-04-18T17:21:17","modified_gmt":"2023-04-18T21:21:17","slug":"estagio-externo","status":"publish","type":"page","link":"https:\/\/premusapc-inisa.ufms.br\/?page_id=459","title":{"rendered":"Est\u00e1gio Externo"},"content":{"rendered":"<p>&nbsp;<\/p>\n<ul>\n<li><span style=\"font-family: arial, helvetica, sans-serif\"><a href=\"https:\/\/premusapc-inisa.ufms.br\/files\/2023\/04\/Carta-de-apresentacao-e-autorizacao.docx\" target=\"_blank\" rel=\"noopener\">Carta de Apresenta\u00e7\u00e3o e Autoriza\u00e7\u00e3o (Download).<\/a><\/span><\/li>\n<\/ul>\n<p>&nbsp;<\/p>\n<ul>\n<li><span style=\"font-family: arial, helvetica, sans-serif\"><a href=\"https:\/\/premusapc-inisa.ufms.br\/files\/2023\/04\/Declaracao-de-ciencia-e-responsabilidade-do-supervisor-de-estagio-externo.docx\" target=\"_blank\" rel=\"noopener\">Declara\u00e7\u00e3o de Ci\u00eancia e Responsabilidade do Servidor de Est\u00e1gio Externo (Download).<\/a><\/span><\/li>\n<\/ul>\n<p>&nbsp;<\/p>\n<ul>\n<li><span style=\"font-family: arial, helvetica, sans-serif\"><a href=\"https:\/\/premusapc-inisa.ufms.br\/files\/2023\/04\/Formulario-solicitacao-estagio-no-Humap.pdf\" target=\"_blank\" rel=\"noopener\">Formul\u00e1rio de Solicita\u00e7\u00e3o de Est\u00e1gio no Humap (Download).<\/a><\/span><\/li>\n<\/ul>\n<p>&nbsp;<\/p>\n<ul>\n<li><span style=\"font-family: arial, helvetica, sans-serif\"><a href=\"https:\/\/premusapc-inisa.ufms.br\/files\/2023\/04\/Plano-de-Atividades-de-Estagio-Externo.docx\" target=\"_blank\" rel=\"noopener\">Plano de Atividades de Est\u00e1gio Externo (Download).<\/a><\/span><\/li>\n<\/ul>\n<p>&nbsp;<\/p>\n<ul>\n<li><span style=\"font-family: arial, helvetica, sans-serif\"><a href=\"https:\/\/premusapc-inisa.ufms.br\/files\/2023\/04\/Solicitacao-de-Estagio-Curricular-Externo.docx\" target=\"_blank\" rel=\"noopener\">Solicita\u00e7\u00e3o de Est\u00e1gio Curricular Externo (Download).<\/a><\/span><\/li>\n<\/ul>\n<p>&nbsp;<\/p>\n","protected":false},"excerpt":{"rendered":"<p>&nbsp; Carta de Apresenta\u00e7\u00e3o e Autoriza\u00e7\u00e3o (Download). &nbsp; Declara\u00e7\u00e3o de Ci\u00eancia e Responsabilidade do Servidor de Est\u00e1gio Externo (Download). &nbsp; Formul\u00e1rio de Solicita\u00e7\u00e3o de Est\u00e1gio no Humap (Download). &nbsp; Plano de Atividades de Est\u00e1gio Externo (Download). &nbsp; Solicita\u00e7\u00e3o de Est\u00e1gio Curricular Externo (Download). &nbsp;<\/p>\n","protected":false},"author":41454,"featured_media":0,"parent":0,"menu_order":0,"comment_status":"closed","ping_status":"closed","template":"","meta":{"footnotes":""},"coauthors":[],"class_list":["post-459","page","type-page","status-publish","hentry"],"_links":{"self":[{"href":"https:\/\/premusapc-inisa.ufms.br\/index.php?rest_route=\/wp\/v2\/pages\/459","targetHints":{"allow":["GET"]}}],"collection":[{"href":"https:\/\/premusapc-inisa.ufms.br\/index.php?rest_route=\/wp\/v2\/pages"}],"about":[{"href":"https:\/\/premusapc-inisa.ufms.br\/index.php?rest_route=\/wp\/v2\/types\/page"}],"author":[{"embeddable":true,"href":"https:\/\/premusapc-inisa.ufms.br\/index.php?rest_route=\/wp\/v2\/users\/41454"}],"replies":[{"embeddable":true,"href":"https:\/\/premusapc-inisa.ufms.br\/index.php?rest_route=%2Fwp%2Fv2%2Fcomments&post=459"}],"version-history":[{"count":10,"href":"https:\/\/premusapc-inisa.ufms.br\/index.php?rest_route=\/wp\/v2\/pages\/459\/revisions"}],"predecessor-version":[{"id":474,"href":"https:\/\/premusapc-inisa.ufms.br\/index.php?rest_route=\/wp\/v2\/pages\/459\/revisions\/474"}],"wp:attachment":[{"href":"https:\/\/premusapc-inisa.ufms.br\/index.php?rest_route=%2Fwp%2Fv2%2Fmedia&parent=459"}],"wp:term":[{"taxonomy":"author","embeddable":true,"href":"https:\/\/premusapc-inisa.ufms.br\/index.php?rest_route=%2Fwp%2Fv2%2Fcoauthors&post=459"}],"curies":[{"name":"wp","href":"https:\/\/api.w.org\/{rel}","templated":true}]}}