{"id":187,"date":"2023-04-14T10:16:33","date_gmt":"2023-04-14T14:16:33","guid":{"rendered":"https:\/\/premusapc-inisa.ufms.br\/?page_id=187"},"modified":"2023-04-17T13:34:18","modified_gmt":"2023-04-17T17:34:18","slug":"residentes","status":"publish","type":"page","link":"https:\/\/premusapc-inisa.ufms.br\/?page_id=187","title":{"rendered":"Residentes"},"content":{"rendered":"<h4><span style=\"font-family: arial, helvetica, sans-serif\">Turma 2023<\/span><\/h4>\n<p><img fetchpriority=\"high\" decoding=\"async\" class=\"alignnone wp-image-117 size-medium\" src=\"https:\/\/premusapc-inisa.ufms.br\/files\/2023\/04\/Foto-Pessoal-DANIEL-169x300.jpeg\" alt=\"\" width=\"169\" height=\"300\" srcset=\"https:\/\/premusapc-inisa.ufms.br\/files\/2023\/04\/Foto-Pessoal-DANIEL-169x300.jpeg 169w, https:\/\/premusapc-inisa.ufms.br\/files\/2023\/04\/Foto-Pessoal-DANIEL-180x320.jpeg 180w, https:\/\/premusapc-inisa.ufms.br\/files\/2023\/04\/Foto-Pessoal-DANIEL.jpeg 576w\" sizes=\"(max-width: 169px) 100vw, 169px\" \/><\/p>\n<p>Daniel Siqueira<\/p>\n<p>\u00c1rea: Enfermagem<\/p>\n<p><a href=\"https:\/\/lattes.cnpq.br\/\" target=\"_blank\" rel=\"noopener\">Curr\u00edculo Lattes<\/a><\/p>\n<p>&nbsp;<\/p>\n<p><img fetchpriority=\"high\" decoding=\"async\" class=\"alignnone wp-image-117 size-medium\" src=\"https:\/\/premusapc-inisa.ufms.br\/files\/2023\/04\/Foto-Pessoal-DANIEL-169x300.jpeg\" alt=\"\" width=\"169\" height=\"300\" srcset=\"https:\/\/premusapc-inisa.ufms.br\/files\/2023\/04\/Foto-Pessoal-DANIEL-169x300.jpeg 169w, https:\/\/premusapc-inisa.ufms.br\/files\/2023\/04\/Foto-Pessoal-DANIEL-180x320.jpeg 180w, https:\/\/premusapc-inisa.ufms.br\/files\/2023\/04\/Foto-Pessoal-DANIEL.jpeg 576w\" sizes=\"(max-width: 169px) 100vw, 169px\" \/><\/p>\n<p>J\u00falio Couto<\/p>\n<p>\u00c1rea: Fisioterapia<\/p>\n<p><a href=\"https:\/\/lattes.cnpq.br\/\" target=\"_blank\" rel=\"noopener\">Curr\u00edculo Lattes<\/a><\/p>\n<p>&nbsp;<\/p>\n<h4><span style=\"font-family: arial, helvetica, sans-serif\">Turma 2022<\/span><\/h4>\n<h4><span style=\"font-family: arial, helvetica, sans-serif\">Turma 2021<\/span><\/h4>\n<h4><span style=\"font-family: arial, helvetica, sans-serif\">Turma 2020<\/span><\/h4>\n<p>&nbsp;<\/p>\n","protected":false},"excerpt":{"rendered":"<p>Turma 2023 Daniel Siqueira \u00c1rea: Enfermagem Curr\u00edculo Lattes &nbsp; J\u00falio Couto \u00c1rea: Fisioterapia Curr\u00edculo Lattes &nbsp; Turma 2022 Turma 2021 Turma 2020 &nbsp;<\/p>\n","protected":false},"author":41454,"featured_media":0,"parent":0,"menu_order":0,"comment_status":"closed","ping_status":"closed","template":"","meta":{"footnotes":""},"coauthors":[],"class_list":["post-187","page","type-page","status-publish","hentry"],"_links":{"self":[{"href":"https:\/\/premusapc-inisa.ufms.br\/index.php?rest_route=\/wp\/v2\/pages\/187","targetHints":{"allow":["GET"]}}],"collection":[{"href":"https:\/\/premusapc-inisa.ufms.br\/index.php?rest_route=\/wp\/v2\/pages"}],"about":[{"href":"https:\/\/premusapc-inisa.ufms.br\/index.php?rest_route=\/wp\/v2\/types\/page"}],"author":[{"embeddable":true,"href":"https:\/\/premusapc-inisa.ufms.br\/index.php?rest_route=\/wp\/v2\/users\/41454"}],"replies":[{"embeddable":true,"href":"https:\/\/premusapc-inisa.ufms.br\/index.php?rest_route=%2Fwp%2Fv2%2Fcomments&post=187"}],"version-history":[{"count":11,"href":"https:\/\/premusapc-inisa.ufms.br\/index.php?rest_route=\/wp\/v2\/pages\/187\/revisions"}],"predecessor-version":[{"id":256,"href":"https:\/\/premusapc-inisa.ufms.br\/index.php?rest_route=\/wp\/v2\/pages\/187\/revisions\/256"}],"wp:attachment":[{"href":"https:\/\/premusapc-inisa.ufms.br\/index.php?rest_route=%2Fwp%2Fv2%2Fmedia&parent=187"}],"wp:term":[{"taxonomy":"author","embeddable":true,"href":"https:\/\/premusapc-inisa.ufms.br\/index.php?rest_route=%2Fwp%2Fv2%2Fcoauthors&post=187"}],"curies":[{"name":"wp","href":"https:\/\/api.w.org\/{rel}","templated":true}]}}