{"id":129,"date":"2023-04-13T16:18:13","date_gmt":"2023-04-13T20:18:13","guid":{"rendered":"https:\/\/premusapc-inisa.ufms.br\/?page_id=129"},"modified":"2023-04-18T18:00:24","modified_gmt":"2023-04-18T22:00:24","slug":"corpo-docente","status":"publish","type":"page","link":"https:\/\/premusapc-inisa.ufms.br\/?page_id=129","title":{"rendered":"Quadro de Colaboradores Premus APC"},"content":{"rendered":"<p><span style=\"font-family: arial, helvetica, sans-serif\">\u00daltima atualiza\u00e7\u00e3o da composi\u00e7\u00e3o do Quadro de Colaboradores do Premus APC.<\/span><\/p>\n<ul>\n<li><a href=\"https:\/\/premusapc-inisa.ufms.br\/files\/2023\/04\/Corpo-de-colaboradores-2022.pdf\" target=\"_blank\" rel=\"noopener\"><span style=\"font-family: arial, helvetica, sans-serif\">Resolu\u00e7\u00e3o n. 560-CAS\/Inisa\/UFMS, de 10 de agosto de 2023.<\/span><\/a><\/li>\n<\/ul>\n<p>&nbsp;<\/p>\n","protected":false},"excerpt":{"rendered":"<p>\u00daltima atualiza\u00e7\u00e3o da composi\u00e7\u00e3o do Quadro de Colaboradores do Premus APC. Resolu\u00e7\u00e3o n. 560-CAS\/Inisa\/UFMS, de 10 de agosto de 2023. &nbsp;<\/p>\n","protected":false},"author":41454,"featured_media":0,"parent":0,"menu_order":0,"comment_status":"closed","ping_status":"closed","template":"","meta":{"footnotes":""},"coauthors":[],"class_list":["post-129","page","type-page","status-publish","hentry"],"_links":{"self":[{"href":"https:\/\/premusapc-inisa.ufms.br\/index.php?rest_route=\/wp\/v2\/pages\/129","targetHints":{"allow":["GET"]}}],"collection":[{"href":"https:\/\/premusapc-inisa.ufms.br\/index.php?rest_route=\/wp\/v2\/pages"}],"about":[{"href":"https:\/\/premusapc-inisa.ufms.br\/index.php?rest_route=\/wp\/v2\/types\/page"}],"author":[{"embeddable":true,"href":"https:\/\/premusapc-inisa.ufms.br\/index.php?rest_route=\/wp\/v2\/users\/41454"}],"replies":[{"embeddable":true,"href":"https:\/\/premusapc-inisa.ufms.br\/index.php?rest_route=%2Fwp%2Fv2%2Fcomments&post=129"}],"version-history":[{"count":14,"href":"https:\/\/premusapc-inisa.ufms.br\/index.php?rest_route=\/wp\/v2\/pages\/129\/revisions"}],"predecessor-version":[{"id":508,"href":"https:\/\/premusapc-inisa.ufms.br\/index.php?rest_route=\/wp\/v2\/pages\/129\/revisions\/508"}],"wp:attachment":[{"href":"https:\/\/premusapc-inisa.ufms.br\/index.php?rest_route=%2Fwp%2Fv2%2Fmedia&parent=129"}],"wp:term":[{"taxonomy":"author","embeddable":true,"href":"https:\/\/premusapc-inisa.ufms.br\/index.php?rest_route=%2Fwp%2Fv2%2Fcoauthors&post=129"}],"curies":[{"name":"wp","href":"https:\/\/api.w.org\/{rel}","templated":true}]}}